 prime factors of 27298.
2, 13649
What are the prime factors of 146081?
13, 17, 661
What are the prime factors of 18266247?
3, 131, 15493
What are the prime factors of 8928286?
2, 67, 66629
List the prime factors of 1207962.
2, 3, 7, 9587
List the prime factors of 53400.
2, 3, 5, 89
What are the prime factors of 1978040?
2, 5, 49451
What are the prime factors of 2111917?
2111917
What are the prime factors of 2198044?
2, 549511
List the prime factors of 7665244.
2, 1916311
List the prime factors of 3972781.
17, 233693
List the prime factors of 7827580.
2, 5, 391379
List the prime factors of 744715.
5, 47, 3169
What are the prime factors of 492271?
13, 19, 1993
List the prime factors of 748650.
2, 3, 5, 7, 23, 31
What are the prime factors of 384904?
2, 13, 3701
What are the prime factors of 1018523?
11, 92593
List the prime factors of 1329728.
2, 79, 263
List the prime factors of 2486118.
2, 3, 131, 3163
What are the prime factors of 517950?
2, 3, 5, 1151
List the prime factors of 29687598.
2, 3, 1649311
List the prime factors of 29280.
2, 3, 5, 61
What are the prime factors of 534707?
534707
What are the prime factors of 7724892?
2, 3, 7, 41, 2243
List the prime factors of 548326.
2, 274163
What are the prime factors of 631617?
3, 7, 19, 1583
What are the prime factors of 999728?
2, 62483
List the prime factors of 1861551.
3, 17, 23
What are the prime factors of 9931384?
2, 1241423
What are the prime factors of 220988?
2, 101, 547
List the prime factors of 2137319.
419, 5101
List the prime factors of 863879.
863879
What are the prime factors of 12202249?
12202249
What are the prime factors of 724512?
2, 3, 7547
List the prime factors of 402191.
89, 4519
What are the prime factors of 1888221?
3, 37, 17011
List the prime factors of 3406813.
41, 83093
List the prime factors of 3149442.
2, 3, 19441
List the prime factors of 843824.
2, 23, 2293
What are the prime factors of 23495066?
2, 7, 1678219
What are the prime factors of 13340?
2, 5, 23, 29
What are the prime factors of 8813516?
2, 269, 8191
List the prime factors of 1728698.
2, 149, 5801
What are the prime factors of 623092?
2, 155773
What are the prime factors of 1012065?
3, 5, 109, 619
What are the prime factors of 686917?
7, 11, 811
List the prime factors of 342197.
342197
List the prime factors of 213490.
2, 5, 37, 577
List the prime factors of 502442.
2, 251221
What are the prime factors of 9830147?
9830147
What are the prime factors of 811393?
11, 17, 4339
List the prime factors of 22917.
3, 7639
List the prime factors of 170102.
2, 17, 5003
What are the prime factors of 5553808?
2, 13, 26701
List the prime factors of 10452454.
2, 5226227
List the prime factors of 10811.
19, 569
List the prime factors of 1499202.
2, 3, 27763
What are the prime factors of 8531869?
743, 11483
List the prime factors of 17107019.
787, 21737
What are the prime factors of 200049?
3, 66683
List the prime factors of 22232229.
3, 7410743
List the prime factors of 1851027.
3, 41, 101, 149
List the prime factors of 480535.
5, 11, 8737
List the prime factors of 844697.
7, 120671
List the prime factors of 298306.
2, 149153
What are the prime factors of 4738336?
2, 148073
What are the prime factors of 11925222?
2, 3, 1987537
What are the prime factors of 5028088?
2, 13, 3719
List the prime factors of 296258.
2, 167, 887
List the prime factors of 636243.
3, 212081
What are the prime factors of 744211?
13, 19, 23, 131
List the prime factors of 308736.
2, 3, 67
What are the prime factors of 2942?
2, 1471
What are the prime factors of 378492?
2, 3, 31541
List the prime factors of 6902121.
3, 2300707
What are the prime factors of 574888?
2, 71861
What are the prime factors of 2871612?
2, 3, 8863
What are the prime factors of 5086641?
3, 7, 34603
List the prime factors of 306954.
2, 3, 17053
List the prime factors of 100329.
3, 53, 631
What are the prime factors of 148647?
3, 49549
List the prime factors of 595650.
2, 3, 5, 11, 19
List the prime factors of 1604166.
2, 3, 41, 6521
What are the prime factors of 7194165?
3, 5, 11, 59, 739
What are the prime factors of 1656937?
1656937
List the prime factors of 8360024.
2, 1045003
What are the prime factors of 497780?
2, 5, 24889
List the prime factors of 2519853.
3, 7, 119993
List the prime factors of 476082.
2, 3, 26449
List the prime factors of 21242519.
21242519
List the prime factors of 220896.
2, 3, 13, 59
What are the prime factors of 14421?
3, 11, 19, 23
List the prime factors of 1280547.
3, 263, 541
What are the prime factors of 3181878?
2, 3, 7, 25253
What are the prime factors of 22973588?
2, 11, 522127
List the prime factors of 75264.
2, 3, 7
What are the prime factors of 220072?
2, 27509
What are the prime factors of 8017884?
2, 3, 7, 31817
List the prime factors of 1606102.
2, 101, 7951
What are the prime factors of 69470?
2, 5, 6947
What are the prime factors of 426013?
7, 60859
List the prime factors of 846974.
2, 17, 29, 859
What are the prime factors of 573183?
3, 13, 23, 71
List the prime factors of 662766.
2, 3, 13, 29, 293
What are the prime factors of 606438?
2, 3, 7, 4813
List the prime factors of 184589.
197, 937
What are the prime factors of 316566?
2, 3, 43, 409
List the prime factors of 1008417.
3, 29, 67, 173
List the prime factors of 3516415.
5, 7, 100469
List the prime factors of 4252532.
2, 271, 3923
List the prime factors of 14172553.
14172553
What are the prime factors of 588983?
739, 797
List the prime factors of 101928.
2, 3, 31, 137
What are the prime factors of 52478?
2, 19, 1381
List the prime factors of 366382.
2, 183191
List the prime factors of 3930352.
2, 61, 4027
List the prime factors of 1159160.
2, 5, 28979
What are the prime factors of 891575?
5, 19, 1877
List the prime factors of 1255966.
2, 107, 5869
What are the prime factors of 5319647?
23, 231289
List the prime factors of 1110425.
5, 44417
List the prime factors of 5894526.
2, 3, 11, 31, 43, 67
List the prime factors of 3368999.
1559, 2161
What are the prime factors of 750620?
2, 5, 13, 2887
What are the prime factors of 1131094?
2, 23, 67, 367
What are the prime factors of 32299?
32299
List the prime factors of 354536.
2, 7, 13, 487
List the prime factors of 1661401.
7, 237343
List the prime factors of 434803.
434803
List the prime factors of 19744812.
2, 3, 331, 1657
List the prime factors of 247539.
3, 109, 757
What are the prime factors of 213189?
3, 179, 397
What are the prime factors of 18959327?
199, 95273
List the prime factors of 333134.
2, 166567
What are the prime factors of 240664?
2, 67, 449
List the prime factors of 4081333.
19, 214807
List the prime factors of 3226789.
19, 169831
What are the prime factors of 79283?
79283
List the prime factors of 1488598.
2, 277, 2687
List the prime factors of 865309.
107, 8087
List the prime factors of 1128427.
1128427
What are the prime factors of 113235?
3, 5, 7549
What are the prime factors of 280138?
2, 140069
List the prime factors of 266519.
11, 24229
What are the prime factors of 1199479?
179, 6701
List the prime factors of 3078535.
5, 173, 3559
List the prime factors of 190808.
2, 17, 23, 61
List the prime factors of 3590325.
3, 5, 197
List the prime factors of 288962.
2, 144481
What are the prime factors of 5290962?
2, 3, 97, 9091
What are the prime factors of 116493?
3, 13, 29, 103
List the prime factors of 30687227.
17, 271, 6661
What are the prime factors of 419108?
2, 29, 3613
List the prime factors of 324515.
5, 41, 1583
What are the prime factors of 263652?
2, 3, 127, 173
List the prime factors of 4121161.
11, 29, 12919
What are the prime factors of 407502?
2, 3, 22639
List the prime factors of 208039.
13, 1231
What are the prime factors of 273986?
2, 136993
What are the prime factors of 687437?
687437
List the prime factors of 2328.
2, 3, 97
What are the prime factors of 30232286?
2, 7, 2159449
What are the prime factors of 3196075?
5, 127843
List the prime factors of 7973254.
2, 349, 11423
What are the prime factors of 808702?
2, 139, 2909
List the prime factors of 756838.
2, 23, 16453
What are the prime factors of 218838?
2, 3, 36473
List the prime factors of 246186.
2, 3, 47, 97
List the prime factors of 1908647.
13, 146819
What are the prime factors of 484727?
484727
List the prime factors of 4905129.